9
Suppose -k - 4*w + 54 = 4*k, 4*k = 5*w + 76. Let c(z) = -z**2 + 13*z + 34. Let q be c(k). Calculate the greatest common factor of 160 and q.
20
Let i(y) = -35*y + 7. Let t be i(-11). Let a = -448 + 497. Calculate the highest common divisor of a and t.
49
Let l(y) = 5*y - 93. Let n(v) = -5*v + 95. Let r(w) = -2*l(w) - 3*n(w). Let u be r(25). Calculate the greatest common factor of u and 962.
26
Suppose -4*c = -4*z - 48, 14 - 6 = 2*z. Suppose 15*d - 47*d - 24352 = 0. Let y = d - -769. Calculate the greatest common divisor of c and y.
8
Suppose 27010 = 2*u + 2*b, 114*u - 112*u = -3*b + 27007. What is the highest common factor of 921 and u?
307
Let b(a) = 46*a**2 - 100*a - 282. Let l be b(16). Calculate the greatest common divisor of l and 12.
6
Let i(x) = x**3 + 11*x**2 + 18*x + 14. Let z be i(-9). Suppose 12*o + 0*o = 1512. What is the greatest common divisor of z and o?
14
Let y(c) = 20*c**2 + 45*c - 80. Let v be y(-20). What is the greatest common divisor of 810 and v?
270
Let y be 810/(-405) - (0 - 82). What is the greatest common divisor of y and 3568?
16
Let m(g) = g**3 + 7*g**2 + g + 5. Let y be m(-5). Suppose 47*d - 4*d = -1032. Let a = y + d. What is the greatest common factor of 26 and a?
26
Let h = 143 + -167. Let q(z) = -z**3 - 24*z**2 + 54. Let u be q(h). What is the greatest common factor of u and 24?
6
Suppose -122*z = -123*z + 35. Suppose -q + 45 = v, v - z = -37*q + 38*q. Calculate the greatest common factor of v and 25.
5
Let t be 2/(-5) - (-19257)/245*4/6. What is the greatest common divisor of t and 6786?
26
Let j = 46020 - 45985. Suppose 2*o = -4*k - k + 36, -2*o = -2*k - 64. What is the highest common divisor of o and j?
7
Let t(m) = -m**3 + 4*m**2 + 25*m - 27. Let z be t(6). What is the greatest common divisor of 442 and z?
17
Suppose 4*q + 64 = t, -q - 183 = -2*t - 4*q. Let s = -3835 + 3859. Calculate the greatest common factor of t and s.
12
Suppose 581*u - 12096 = 557*u. Calculate the greatest common factor of 224 and u.
56
Let c be 4 - (-10624)/((-8)/(-2)). Suppose 2*d - c = -4*i, -2*i - 5310 = 3*d - 7*d. Let p be d/144 + (-2)/9. What is the greatest common factor of 18 and p?
9
Suppose -3*h + 22842 = 3*i, -5*i + 16*h = 20*h - 38065. Calculate the greatest common factor of i and 7.
7
Let o = -6376 + 6379. Calculate the greatest common divisor of o and 2649.
3
Suppose -h + 28 = 10. Let o be (2/3)/((-24)/h)*-10. Let b be (2/1)/(2/1595*o). What is the greatest common factor of 29 and b?
29
Suppose -66*l + 24185 - 8305 = -4910. Calculate the greatest common divisor of l and 350.
35
Suppose 24*p + 288 = 47*p + 49*p. Suppose 2*g = -4*h + 20, 5*h - 3*g = g - 1. Suppose h*q - 21 = 9. Calculate the highest common divisor of p and q.
2
Suppose -14*c + 22294 + 13896 = 0. Calculate the highest common divisor of 55 and c.
55
Let p = 438 + -258. Let z = -136 + 361. What is the greatest common divisor of p and z?
45
Let n = -109 + 109. Suppose 8*l - 459 - 213 = n. Calculate the greatest common factor of 24 and l.
12
Let n be ((-105)/(-6))/(4 - (-115)/(-30)). Suppose -11*x + n + 27 = 0. What is the greatest common factor of 96 and x?
12
Let z be 0 - (-412744)/18 - (-616)/(-2772). What is the highest common factor of z and 20?
10
Suppose -6*c + 2*p + 86 = 0, 0 = 5*c - 4*p - 14 - 74. Calculate the highest common factor of 16 and c.
4
Let o be (-16)/10*252025/(-2372). What is the greatest common factor of 46240 and o?
170
Suppose 0 = 7*q - 6 - 8. Suppose -2*w - 14 + 62 = -q*k, -4*w + 108 = 2*k. What is the highest common factor of 338 and w?
26
Let h be 100/6*(-42)/105*-21. Calculate the greatest common divisor of 595 and h.
35
Let a(y) = -y**2 - 3*y + 8. Let t be a(1). Let l be (t/(-15))/(43/(-645)). Suppose -g + 2 + 2 = 0. What is the greatest common divisor of l and g?
4
Let w = 297 - -296. Let m = w - 560. Suppose 0 = -4*t + 213 + 315. What is the greatest common divisor of t and m?
33
Let w be (-3 - 13613)*(-12)/6. Let h be w/216 + (-6)/81. Calculate the highest common divisor of 36 and h.
18
Suppose 3*m = -m + 12. Suppose 0 = 2*k + k + m, o - 71 = -5*k. Let j(q) = -2*q - 21. Let f be j(-20). What is the highest common factor of f and o?
19
Suppose 246 - 236 = c. Suppose 16*n - 102 = c*n. What is the highest common factor of 68 and n?
17
Let y = -30 - -29. Let t be ((-8)/16*3)/(y/22). Let d(f) = 30*f**3 - f**2 - 5*f + 5. Let c be d(2). What is the highest common factor of c and t?
33
Let h = 138 + -96. Let a = 50 - h. Let p(m) = -m**2 + 12*m - 10. Let q be p(a). Calculate the greatest common divisor of 33 and q.
11
Let l be 121*6 + 21 + -16. Suppose 0 = 4*b + 4*o - l - 493, 6 = 3*o. What is the highest common factor of 19 and b?
19
Suppose -4*i - 14 + 18 = 0, 3558 = 4*v - 2*i. What is the highest common factor of 20 and v?
10
Suppose 5*n = 0, 3*r - 24 = 206*n - 203*n. Calculate the highest common factor of 3936 and r.
8
Suppose -5*c - 8 + 93 = 0. Let i(h) = 5*h**2 + 98*h + 23. Let k be i(-21). What is the greatest common factor of c and k?
17
Let p be (10/6)/(2/(-24)*-4). Suppose 3*q + 5*m = 54, -q - q - p*m = -41. What is the greatest common factor of q and 39?
13
Suppose 14*w - 21 = 7*w. Suppose 4*m = -5*o + 128, 2*m - 3*o - 45 = -w. Let k be -1*(-3)/(-1)*-1. Calculate the greatest common divisor of k and m.
3
Let i = -504 - -438. Let y = -50 - i. Calculate the greatest common divisor of y and 176.
16
Suppose -4*c + 7059 = -u, -5*c - 939*u = -940*u - 8822. What is the highest common factor of c and 328?
41
Suppose -50*c - 11*c + 2799 = -1349. Calculate the highest common divisor of 36652 and c.
68
Let s(b) = 5*b**2 - 222*b - 509. Let u be s(47). Let y(m) = -1 + 5 - 3 + m. Let f be y(5). Calculate the greatest common divisor of f and u.
6
Let w be 4/30 - 174/(-45). Let a = -32 + w. Let o = 33 + a. Calculate the highest common divisor of o and 1.
1
Let s = -710 + 715. Suppose s*p = 5*r - 580, 10*r - 11*r - 2*p = -116. What is the greatest common divisor of r and 754?
58
Let f(q) = -262*q - 42. Let a(d) = 87*d + 14. Let r(k) = 7*a(k) + 2*f(k). Let t be r(2). Let j = 111 - 88. Calculate the greatest common factor of j and t.
23
Let o be 26/3*3 + 1. Let r = -56282 + 56285. What is the greatest common factor of o and r?
3
Let a = 14 + 25. Let m(s) = -s**2 + 14*s + 67. Suppose 0 = 2*d - 5*n - 9 - 21, -4*n = 5*d - 75. Let c be m(d). What is the greatest common factor of c and a?
13
Suppose -4*m + 1876 = 4*i, -6*i = -m - 2*i + 464. Let c be ((-12)/(-18))/(2/m - 0). Calculate the highest common factor of c and 36.
12
Suppose -182*t + 11508 = -134*t + 500*t. Let x(z) = -16*z + 4. Let v be x(-5). Calculate the highest common divisor of v and t.
21
Suppose -7*o + 36 = -o. Suppose 10 = -o*p + 4. Let z(y) = -16*y**3 + y**2 + y + 1. Let n be z(p). What is the highest common divisor of 17 and n?
17
Let o(z) = -z**3 + 26*z**2 + 29*z - 30. Let q be o(27). Suppose -91 - 5 = -5*g + 4*p, 2*g = -2*p + q. What is the highest common factor of 104 and g?
8
Suppose 0 = -2*t - 14*h + 16*h + 188, 0 = 3*t + h - 266. What is the greatest common factor of t and 3255?
15
Let i(w) = w**2 + 12*w + 236. Let m be i(0). Suppose -21*c + 64 = -5*c. Calculate the greatest common divisor of c and m.
4
Suppose -3*r = 5*h - 658, -r - 5*h + 437 = r. Let u = -197 + r. Calculate the highest common divisor of u and 132.
12
Let o be ((-72)/48)/(14/(-556)) - 21/(-49). Let y be (0 - 8/(-4)) + 78. Calculate the greatest common factor of o and y.
20
Let p(j) = -24 - 551*j - 560*j + 1114*j. Let k be p(14). Let f be 1/1 + (70 - -1). Calculate the highest common factor of k and f.
18
Suppose -8368 = -2*h - 4*d, 4*h - 16676 = 18*d - 16*d. Calculate the highest common divisor of h and 84.
28
Let w be (-2 - 5) + -257 - 2. Let c be -5 + 106/22 + w/(-11). What is the greatest common factor of c and 84?
12
Suppose 8*n - 52 = -4*j + 7*n, 2*j + 4*n - 26 = 0. Suppose -j = -x + 4*r + 2, -4*r + 147 = 5*x. What is the highest common factor of 837 and x?
27
Suppose -11*h - 232 + 78 = 0. Let z be (14/h)/(-2 + 193/97). Let q = 101 - z. What is the highest common divisor of 1 and q?
1
Suppose -9*t - 392 = -770. Suppose -19*g + t*g = 2254. Calculate the greatest common divisor of 56 and g.
14
Let h be -275*(6/9)/(1/((-12)/20)). Calculate the highest common factor of 9845 and h.
55
Let c be 2/(-7)